{"id":12,"date":"2019-05-10T23:59:57","date_gmt":"2019-05-10T21:59:57","guid":{"rendered":"http:\/\/www.videogrami.rs\/?page_id=12"},"modified":"2019-05-11T00:02:53","modified_gmt":"2019-05-10T22:02:53","slug":"ciljevi-udruzenja","status":"publish","type":"page","link":"https:\/\/videogrami.rs\/","title":{"rendered":"Ciljevi udru\u017eenja"},"content":{"rendered":"\n<p>Ciljevi Udru\u017eenja su:<\/p>\n\n\n\n<p>1. Povezivanje producenata videograma ( filma, videospota, tv emisija, kao i lica koaja su sa\u010dinila amaterski ili drugi snimak ) i afirmacija audio vizuelnog stvarala\u0161tva Srbije na doma\u0107em i me\u0111unarodnom nivou<\/p>\n\n\n\n<p>2. Organizovanje rada na pripremi i realizaciji programa&nbsp; stvaraoca iz zemlje i inostranstva i pra\u0107enje njihove realizacije<\/p>\n\n\n\n<p>3. Uspostavljanje saradnje sa me\u0111unarornim srodnim organizacijama<\/p>\n\n\n\n<p>4. Pomaganje svih aktivnosti koje su usmerene na popularizaciji predstavljanja putem videograma duhovnih i telesnih tvorevina<\/p>\n\n\n\n<p>5. Iniciranje i realizovanje unapre\u0111enja razmena informacija me\u0111u asocijacijama iz oblasti audio vizuelnog stvarala\u0161tva u zemlji i inostranstvu<\/p>\n","protected":false},"excerpt":{"rendered":"<p>Ciljevi Udru\u017eenja su: 1. Povezivanje producenata videograma ( filma, videospota, tv emisija, kao i lica koaja su sa\u010dinila amaterski ili drugi snimak ) i afirmacija audio vizuelnog stvarala\u0161tva Srbije na doma\u0107em i me\u0111unarodnom nivou 2. Organizovanje rada na pripremi i realizaciji programa&nbsp; stvaraoca iz zemlje i inostranstva i pra\u0107enje njihove realizacije 3. Uspostavljanje saradnje sa [&hellip;]<\/p>\n","protected":false},"author":1,"featured_media":0,"parent":0,"menu_order":0,"comment_status":"closed","ping_status":"closed","template":"","meta":[],"_links":{"self":[{"href":"https:\/\/videogrami.rs\/index.php?rest_route=\/wp\/v2\/pages\/12"}],"collection":[{"href":"https:\/\/videogrami.rs\/index.php?rest_route=\/wp\/v2\/pages"}],"about":[{"href":"https:\/\/videogrami.rs\/index.php?rest_route=\/wp\/v2\/types\/page"}],"author":[{"embeddable":true,"href":"https:\/\/videogrami.rs\/index.php?rest_route=\/wp\/v2\/users\/1"}],"replies":[{"embeddable":true,"href":"https:\/\/videogrami.rs\/index.php?rest_route=%2Fwp%2Fv2%2Fcomments&post=12"}],"version-history":[{"count":3,"href":"https:\/\/videogrami.rs\/index.php?rest_route=\/wp\/v2\/pages\/12\/revisions"}],"predecessor-version":[{"id":18,"href":"https:\/\/videogrami.rs\/index.php?rest_route=\/wp\/v2\/pages\/12\/revisions\/18"}],"wp:attachment":[{"href":"https:\/\/videogrami.rs\/index.php?rest_route=%2Fwp%2Fv2%2Fmedia&parent=12"}],"curies":[{"name":"wp","href":"https:\/\/api.w.org\/{rel}","templated":true}]}}