{"id":21,"date":"2019-05-11T00:05:37","date_gmt":"2019-05-10T22:05:37","guid":{"rendered":"http:\/\/www.videogrami.rs\/?page_id=21"},"modified":"2021-05-14T19:01:34","modified_gmt":"2021-05-14T17:01:34","slug":"sta-je-videogram","status":"publish","type":"page","link":"https:\/\/videogrami.rs\/?page_id=21","title":{"rendered":"\u0160ta je videogram"},"content":{"rendered":"\n<p>VIDEOGRAM&nbsp; je snimak filmskog dela kao i odre\u0111enog niza pokretnih slika sa ili bez prate\u0107eg zvuka na nosa\u010du slike, odnosu nosa\u010du slike i zvuka.<\/p>\n\n\n\n<p>Filmski producent (proizvo\u0111a\u010d videograma) je fizi\u010dko ili pravno lice koje u svoje ime daje inicijativu, prikuplja finansijska sredstva, organizuje, rukovodi i preuzima odgovornost za prvo snimanje filmskog dela ili niza pokretnih slika pra\u0107enih zvukom ili bez zvuka (videogram).<\/p>\n","protected":false},"excerpt":{"rendered":"<p>VIDEOGRAM&nbsp; je snimak filmskog dela kao i odre\u0111enog niza pokretnih slika sa ili bez prate\u0107eg zvuka na nosa\u010du slike, odnosu nosa\u010du slike i zvuka. Filmski producent (proizvo\u0111a\u010d videograma) je fizi\u010dko ili pravno lice koje u svoje ime daje inicijativu, prikuplja finansijska sredstva, organizuje, rukovodi i preuzima odgovornost za prvo snimanje filmskog dela ili niza pokretnih [&hellip;]<\/p>\n","protected":false},"author":1,"featured_media":0,"parent":0,"menu_order":0,"comment_status":"closed","ping_status":"closed","template":"","meta":[],"_links":{"self":[{"href":"https:\/\/videogrami.rs\/index.php?rest_route=\/wp\/v2\/pages\/21"}],"collection":[{"href":"https:\/\/videogrami.rs\/index.php?rest_route=\/wp\/v2\/pages"}],"about":[{"href":"https:\/\/videogrami.rs\/index.php?rest_route=\/wp\/v2\/types\/page"}],"author":[{"embeddable":true,"href":"https:\/\/videogrami.rs\/index.php?rest_route=\/wp\/v2\/users\/1"}],"replies":[{"embeddable":true,"href":"https:\/\/videogrami.rs\/index.php?rest_route=%2Fwp%2Fv2%2Fcomments&post=21"}],"version-history":[{"count":2,"href":"https:\/\/videogrami.rs\/index.php?rest_route=\/wp\/v2\/pages\/21\/revisions"}],"predecessor-version":[{"id":75,"href":"https:\/\/videogrami.rs\/index.php?rest_route=\/wp\/v2\/pages\/21\/revisions\/75"}],"wp:attachment":[{"href":"https:\/\/videogrami.rs\/index.php?rest_route=%2Fwp%2Fv2%2Fmedia&parent=21"}],"curies":[{"name":"wp","href":"https:\/\/api.w.org\/{rel}","templated":true}]}}